{"id":2989,"date":"2025-01-14T14:38:16","date_gmt":"2025-01-14T13:38:16","guid":{"rendered":"https:\/\/www.marcoriederer.at\/blog\/?page_id=2989"},"modified":"2025-12-28T12:22:36","modified_gmt":"2025-12-28T11:22:36","slug":"herausforderungen","status":"publish","type":"page","link":"https:\/\/www.marcoriederer.at\/blog\/herausforderungen\/","title":{"rendered":"Herausforderungen"},"content":{"rendered":"\t\t<div data-elementor-type=\"wp-page\" data-elementor-id=\"2989\" class=\"elementor elementor-2989\" data-elementor-post-type=\"page\">\n\t\t\t\t\t\t<section class=\"elementor-section elementor-top-section elementor-element elementor-element-22615f77 elementor-section-height-min-height elementor-section-boxed elementor-section-height-default elementor-section-items-middle\" data-id=\"22615f77\" data-element_type=\"section\">\n\t\t\t\t\t\t<div class=\"elementor-container elementor-column-gap-default\">\n\t\t\t\t\t<div class=\"elementor-column elementor-col-100 elementor-top-column elementor-element elementor-element-75e67f05\" data-id=\"75e67f05\" data-element_type=\"column\">\n\t\t\t<div class=\"elementor-widget-wrap elementor-element-populated\">\n\t\t\t\t\t\t<div class=\"elementor-element elementor-element-23f4342e elementor-widget elementor-widget-heading\" data-id=\"23f4342e\" data-element_type=\"widget\" data-widget_type=\"heading.default\">\n\t\t\t\t<div class=\"elementor-widget-container\">\n\t\t\t\t\t<h1 class=\"elementor-heading-title elementor-size-default\">Herausforderungen<\/h1>\t\t\t\t<\/div>\n\t\t\t\t<\/div>\n\t\t\t\t<div class=\"elementor-element elementor-element-146055dd elementor-invisible elementor-widget elementor-widget-heading\" data-id=\"146055dd\" data-element_type=\"widget\" data-settings=\"{&quot;_animation&quot;:&quot;zoomIn&quot;}\" data-widget_type=\"heading.default\">\n\t\t\t\t<div class=\"elementor-widget-container\">\n\t\t\t\t\t<h2 class=\"elementor-heading-title elementor-size-default\">Quelle der Motivation &amp; Inspiration<\/h2>\t\t\t\t<\/div>\n\t\t\t\t<\/div>\n\t\t\t\t\t<\/div>\n\t\t<\/div>\n\t\t\t\t\t<\/div>\n\t\t<\/section>\n\t\t\t\t<section class=\"elementor-section elementor-top-section elementor-element elementor-element-25354a37 elementor-reverse-tablet elementor-reverse-mobile elementor-section-content-middle elementor-section-boxed elementor-section-height-default elementor-section-height-default\" data-id=\"25354a37\" data-element_type=\"section\">\n\t\t\t\t\t\t<div class=\"elementor-container elementor-column-gap-default\">\n\t\t\t\t\t<div class=\"elementor-column elementor-col-50 elementor-top-column elementor-element elementor-element-60c6869b\" data-id=\"60c6869b\" data-element_type=\"column\">\n\t\t\t<div class=\"elementor-widget-wrap elementor-element-populated\">\n\t\t\t\t\t\t<div class=\"elementor-element elementor-element-618ce5a1 elementor-widget elementor-widget-heading\" data-id=\"618ce5a1\" data-element_type=\"widget\" data-widget_type=\"heading.default\">\n\t\t\t\t<div class=\"elementor-widget-container\">\n\t\t\t\t\t<h2 class=\"elementor-heading-title elementor-size-default\">Grenzen verschieben,<br> Ziele erreichen<\/h2>\t\t\t\t<\/div>\n\t\t\t\t<\/div>\n\t\t\t\t<div class=\"elementor-element elementor-element-1f3cbeac elementor-widget elementor-widget-text-editor\" data-id=\"1f3cbeac\" data-element_type=\"widget\" data-widget_type=\"text-editor.default\">\n\t\t\t\t<div class=\"elementor-widget-container\">\n\t\t\t\t\t\t\t\t\t<div data-pm-slice=\"1 1 []\" data-en-clipboard=\"true\"><div data-pm-slice=\"1 1 []\" data-en-clipboard=\"true\">F\u00fcr mich sind Herausforderungen eine Quelle der Motivation und Inspiration. Ob auf der Laufstrecke, im Hindernisparcours oder in anderen sportlichen Wettk\u00e4mpfen \u2013 ich liebe es, meine Grenzen zu testen und \u00fcber mich hinauszuwachsen. Jede Challenge ist nicht nur ein sportliches Ziel, sondern auch eine pers\u00f6nliche Reise voller H\u00f6hen, Tiefen und unvergesslicher Momente.<\/div><\/div><div data-pm-slice=\"1 1 []\" data-en-clipboard=\"true\">\u00a0<\/div><div data-pm-slice=\"1 1 []\" data-en-clipboard=\"true\"><div data-pm-slice=\"1 1 []\" data-en-clipboard=\"true\">Hier findest du einen \u00dcberblick \u00fcber meine bisherigen sportlichen Bestleistungen sowie die n\u00e4chsten anstehenden Wettk\u00e4mpfe.<\/div><\/div>\t\t\t\t\t\t\t\t<\/div>\n\t\t\t\t<\/div>\n\t\t\t\t\t<\/div>\n\t\t<\/div>\n\t\t\t\t<div class=\"elementor-column elementor-col-50 elementor-top-column elementor-element elementor-element-20004820\" data-id=\"20004820\" data-element_type=\"column\">\n\t\t\t<div class=\"elementor-widget-wrap elementor-element-populated\">\n\t\t\t\t\t\t<div class=\"elementor-element elementor-element-20b31b8e animated-slow elementor-invisible elementor-widget elementor-widget-image\" data-id=\"20b31b8e\" data-element_type=\"widget\" data-settings=\"{&quot;_animation&quot;:&quot;fadeInRight&quot;}\" data-widget_type=\"image.default\">\n\t\t\t\t<div class=\"elementor-widget-container\">\n\t\t\t\t\t\t\t\t\t\t\t\t\t\t\t<img fetchpriority=\"high\" decoding=\"async\" width=\"800\" height=\"533\" src=\"https:\/\/www.marcoriederer.at\/blog\/wp-content\/uploads\/2025\/01\/Marco-Riederer_Spartan2023-3-1024x682.jpg\" class=\"attachment-large size-large wp-image-3106\" alt=\"\" srcset=\"https:\/\/www.marcoriederer.at\/blog\/wp-content\/uploads\/2025\/01\/Marco-Riederer_Spartan2023-3-1024x682.jpg 1024w, https:\/\/www.marcoriederer.at\/blog\/wp-content\/uploads\/2025\/01\/Marco-Riederer_Spartan2023-3-300x200.jpg 300w, https:\/\/www.marcoriederer.at\/blog\/wp-content\/uploads\/2025\/01\/Marco-Riederer_Spartan2023-3-1536x1024.jpg 1536w, https:\/\/www.marcoriederer.at\/blog\/wp-content\/uploads\/2025\/01\/Marco-Riederer_Spartan2023-3-2048x1365.jpg 2048w\" sizes=\"(max-width: 800px) 100vw, 800px\" \/>\t\t\t\t\t\t\t\t\t\t\t\t\t\t\t<\/div>\n\t\t\t\t<\/div>\n\t\t\t\t\t<\/div>\n\t\t<\/div>\n\t\t\t\t\t<\/div>\n\t\t<\/section>\n\t\t\t\t<section class=\"elementor-section elementor-top-section elementor-element elementor-element-525680c1 elementor-section-content-middle elementor-section-boxed elementor-section-height-default elementor-section-height-default\" data-id=\"525680c1\" data-element_type=\"section\">\n\t\t\t\t\t\t<div class=\"elementor-container elementor-column-gap-default\">\n\t\t\t\t\t<div class=\"elementor-column elementor-col-50 elementor-top-column elementor-element elementor-element-6457434c\" data-id=\"6457434c\" data-element_type=\"column\">\n\t\t\t<div class=\"elementor-widget-wrap elementor-element-populated\">\n\t\t\t\t\t\t<div class=\"elementor-element elementor-element-6e10499a animated-slow elementor-invisible elementor-widget elementor-widget-image\" data-id=\"6e10499a\" data-element_type=\"widget\" data-settings=\"{&quot;_animation&quot;:&quot;fadeInLeft&quot;}\" data-widget_type=\"image.default\">\n\t\t\t\t<div class=\"elementor-widget-container\">\n\t\t\t\t\t\t\t\t\t\t\t\t\t\t\t<img decoding=\"async\" width=\"800\" height=\"533\" src=\"https:\/\/www.marcoriederer.at\/blog\/wp-content\/uploads\/2025\/01\/Marco-Riederer_Spartan2023-1-1024x682.jpg\" class=\"attachment-large size-large wp-image-3105\" alt=\"\" srcset=\"https:\/\/www.marcoriederer.at\/blog\/wp-content\/uploads\/2025\/01\/Marco-Riederer_Spartan2023-1-1024x682.jpg 1024w, https:\/\/www.marcoriederer.at\/blog\/wp-content\/uploads\/2025\/01\/Marco-Riederer_Spartan2023-1-300x200.jpg 300w, https:\/\/www.marcoriederer.at\/blog\/wp-content\/uploads\/2025\/01\/Marco-Riederer_Spartan2023-1-1536x1024.jpg 1536w, https:\/\/www.marcoriederer.at\/blog\/wp-content\/uploads\/2025\/01\/Marco-Riederer_Spartan2023-1-2048x1365.jpg 2048w\" sizes=\"(max-width: 800px) 100vw, 800px\" \/>\t\t\t\t\t\t\t\t\t\t\t\t\t\t\t<\/div>\n\t\t\t\t<\/div>\n\t\t\t\t\t<\/div>\n\t\t<\/div>\n\t\t\t\t<div class=\"elementor-column elementor-col-50 elementor-top-column elementor-element elementor-element-215b53b3\" data-id=\"215b53b3\" data-element_type=\"column\">\n\t\t\t<div class=\"elementor-widget-wrap elementor-element-populated\">\n\t\t\t\t\t\t<div class=\"elementor-element elementor-element-ee6a8dd elementor-widget elementor-widget-heading\" data-id=\"ee6a8dd\" data-element_type=\"widget\" data-widget_type=\"heading.default\">\n\t\t\t\t<div class=\"elementor-widget-container\">\n\t\t\t\t\t<h2 class=\"elementor-heading-title elementor-size-default\">Sportliche Bestleistungen<\/h2>\t\t\t\t<\/div>\n\t\t\t\t<\/div>\n\t\t\t\t<div class=\"elementor-element elementor-element-84ea3ef elementor-widget elementor-widget-text-editor\" data-id=\"84ea3ef\" data-element_type=\"widget\" data-widget_type=\"text-editor.default\">\n\t\t\t\t<div class=\"elementor-widget-container\">\n\t\t\t\t\t\t\t\t\t<div data-pm-slice=\"1 1 []\" data-en-clipboard=\"true\"><div data-pm-slice=\"1 1 []\" data-en-clipboard=\"true\">Meine<b> Bestzeiten<\/b><\/div><ul><li><div><b>5km:<\/b> 19:41 (08.10.2025)<\/div><\/li><li><div><b>10km:<\/b> 41:44 (08.10.2025)<\/div><\/li><li><div><b>15km:<\/b> 1:06:10 (28.12.2025)<\/div><\/li><li><div><b>21km:<\/b> 1:36:44 (02.03.2025)<\/div><\/li><li><div><b>42km:<\/b> 3:35:32 (06.04.2025)<\/div><\/li><li><div><strong>50km:<\/strong> 4:47:56 (02.11.2025)<\/div><\/li><\/ul><div>\u00a0<\/div><div><b>Anstehende Wettk\u00e4mpfe<\/b><\/div><ul><li><div><div><b>08.03.2026<\/b> \u2013 3. VCM Winterlauf, 21km<\/div><\/div><\/li><li><div><b>19.04.2026<\/b>\u00a0\u2013 Vienna City Marathon, 42km<\/div><\/li><li><div><strong>25.07.2026<\/strong><span style=\"background-color: transparent;\">\u00a0\u2013<\/span><span style=\"background-color: transparent;\">\u00a0Gro\u00dfglockner Trail, 57km (3.500hm)<\/span><\/div><\/li><\/ul><div>Vielleicht l\u00e4sst du dich inspirieren, dir auch selbst neue Ziele zu setzen!<\/div><\/div>\t\t\t\t\t\t\t\t<\/div>\n\t\t\t\t<\/div>\n\t\t\t\t\t<\/div>\n\t\t<\/div>\n\t\t\t\t\t<\/div>\n\t\t<\/section>\n\t\t\t\t<section class=\"elementor-section elementor-top-section elementor-element elementor-element-144ae6fd animated-slow elementor-section-boxed elementor-section-height-default elementor-section-height-default elementor-invisible\" data-id=\"144ae6fd\" data-element_type=\"section\" data-settings=\"{&quot;animation&quot;:&quot;fadeInUp&quot;}\">\n\t\t\t\t\t\t<div class=\"elementor-container elementor-column-gap-default\">\n\t\t\t\t\t<div class=\"elementor-column elementor-col-100 elementor-top-column elementor-element elementor-element-21e0063f\" data-id=\"21e0063f\" data-element_type=\"column\">\n\t\t\t<div class=\"elementor-widget-wrap elementor-element-populated\">\n\t\t\t\t\t\t<div class=\"elementor-element elementor-element-5d251e73 elementor-posts--align-left elementor-grid-3 elementor-grid-tablet-2 elementor-grid-mobile-1 elementor-posts--thumbnail-top elementor-widget elementor-widget-posts\" data-id=\"5d251e73\" data-element_type=\"widget\" data-settings=\"{&quot;classic_row_gap&quot;:{&quot;unit&quot;:&quot;px&quot;,&quot;size&quot;:30,&quot;sizes&quot;:[]},&quot;pagination_type&quot;:&quot;numbers_and_prev_next&quot;,&quot;classic_columns&quot;:&quot;3&quot;,&quot;classic_columns_tablet&quot;:&quot;2&quot;,&quot;classic_columns_mobile&quot;:&quot;1&quot;,&quot;classic_row_gap_tablet&quot;:{&quot;unit&quot;:&quot;px&quot;,&quot;size&quot;:&quot;&quot;,&quot;sizes&quot;:[]},&quot;classic_row_gap_mobile&quot;:{&quot;unit&quot;:&quot;px&quot;,&quot;size&quot;:&quot;&quot;,&quot;sizes&quot;:[]}}\" data-widget_type=\"posts.classic\">\n\t\t\t\t<div class=\"elementor-widget-container\">\n\t\t\t\t\t\t\t<div class=\"elementor-posts-container elementor-posts elementor-posts--skin-classic elementor-grid\" role=\"list\">\n\t\t\t\t<article class=\"elementor-post elementor-grid-item post-3250 post type-post status-publish format-standard has-post-thumbnail hentry category-herausforderungen tag-spartan-race\" role=\"listitem\">\n\t\t\t\t<a class=\"elementor-post__thumbnail__link\" href=\"https:\/\/www.marcoriederer.at\/blog\/2025\/09\/11\/spartan-ultra-liberec-zwischen-wahnsinn-und-willen\/\" tabindex=\"-1\" >\n\t\t\t<div class=\"elementor-post__thumbnail\"><img decoding=\"async\" width=\"2000\" height=\"1016\" src=\"https:\/\/www.marcoriederer.at\/blog\/wp-content\/uploads\/2025\/09\/Spartan-Ultra-Liberec-2025-14.jpg\" class=\"attachment-medium_large size-medium_large wp-image-3243\" alt=\"\" srcset=\"https:\/\/www.marcoriederer.at\/blog\/wp-content\/uploads\/2025\/09\/Spartan-Ultra-Liberec-2025-14.jpg 2000w, https:\/\/www.marcoriederer.at\/blog\/wp-content\/uploads\/2025\/09\/Spartan-Ultra-Liberec-2025-14-300x152.jpg 300w, https:\/\/www.marcoriederer.at\/blog\/wp-content\/uploads\/2025\/09\/Spartan-Ultra-Liberec-2025-14-1024x520.jpg 1024w, https:\/\/www.marcoriederer.at\/blog\/wp-content\/uploads\/2025\/09\/Spartan-Ultra-Liberec-2025-14-1536x780.jpg 1536w\" sizes=\"(max-width: 2000px) 100vw, 2000px\" \/><\/div>\n\t\t<\/a>\n\t\t\t\t<div class=\"elementor-post__text\">\n\t\t\t\t<h2 class=\"elementor-post__title\">\n\t\t\t<a href=\"https:\/\/www.marcoriederer.at\/blog\/2025\/09\/11\/spartan-ultra-liberec-zwischen-wahnsinn-und-willen\/\" >\n\t\t\t\tSpartan Ultra Liberec \u2013 zwischen Wahnsinn und Willen&#x1f525;\t\t\t<\/a>\n\t\t<\/h2>\n\t\t\t\t<div class=\"elementor-post__meta-data\">\n\t\t\t\t\t<span class=\"elementor-post-author\">\n\t\t\tDaaMarco\t\t<\/span>\n\t\t\t\t<span class=\"elementor-post-date\">\n\t\t\t11. September 2025\t\t<\/span>\n\t\t\t\t<\/div>\n\t\t\t\t<div class=\"elementor-post__excerpt\">\n\t\t\t<p>53 km, 71 Hindernisse, 600 Burpees: Mein h\u00e4rtester Wettkampf bisher \u2013 der Spartan Ultra in Liberec. Schmerz, Stolz und echte Inspiration.<\/p>\n\t\t<\/div>\n\t\t\n\t\t<a class=\"elementor-post__read-more\" href=\"https:\/\/www.marcoriederer.at\/blog\/2025\/09\/11\/spartan-ultra-liberec-zwischen-wahnsinn-und-willen\/\" aria-label=\"Mehr \u00fcber Spartan Ultra Liberec \u2013 zwischen Wahnsinn und Willen&#x1f525;\" tabindex=\"-1\" >\n\t\t\tRead More...\t\t<\/a>\n\n\t\t\t\t<\/div>\n\t\t\t\t<\/article>\n\t\t\t\t<article class=\"elementor-post elementor-grid-item post-3225 post type-post status-publish format-standard has-post-thumbnail hentry category-herausforderungen tag-spartan-race\" role=\"listitem\">\n\t\t\t\t<a class=\"elementor-post__thumbnail__link\" href=\"https:\/\/www.marcoriederer.at\/blog\/2025\/06\/21\/schmerz-vergeht-stolz-bleibt-mein-zweites-spartan-beast\/\" tabindex=\"-1\" >\n\t\t\t<div class=\"elementor-post__thumbnail\"><img loading=\"lazy\" decoding=\"async\" width=\"2560\" height=\"1706\" src=\"https:\/\/www.marcoriederer.at\/blog\/wp-content\/uploads\/2025\/06\/Spartan-Race-2025-1-scaled.jpg\" class=\"attachment-medium_large size-medium_large wp-image-3215\" alt=\"\" srcset=\"https:\/\/www.marcoriederer.at\/blog\/wp-content\/uploads\/2025\/06\/Spartan-Race-2025-1-scaled.jpg 2560w, https:\/\/www.marcoriederer.at\/blog\/wp-content\/uploads\/2025\/06\/Spartan-Race-2025-1-300x200.jpg 300w, https:\/\/www.marcoriederer.at\/blog\/wp-content\/uploads\/2025\/06\/Spartan-Race-2025-1-1024x682.jpg 1024w, https:\/\/www.marcoriederer.at\/blog\/wp-content\/uploads\/2025\/06\/Spartan-Race-2025-1-1536x1024.jpg 1536w, https:\/\/www.marcoriederer.at\/blog\/wp-content\/uploads\/2025\/06\/Spartan-Race-2025-1-2048x1365.jpg 2048w\" sizes=\"(max-width: 2560px) 100vw, 2560px\" \/><\/div>\n\t\t<\/a>\n\t\t\t\t<div class=\"elementor-post__text\">\n\t\t\t\t<h2 class=\"elementor-post__title\">\n\t\t\t<a href=\"https:\/\/www.marcoriederer.at\/blog\/2025\/06\/21\/schmerz-vergeht-stolz-bleibt-mein-zweites-spartan-beast\/\" >\n\t\t\t\tSchmerz vergeht, Stolz bleibt \u2013 Mein zweites Spartan Beast\t\t\t<\/a>\n\t\t<\/h2>\n\t\t\t\t<div class=\"elementor-post__meta-data\">\n\t\t\t\t\t<span class=\"elementor-post-author\">\n\t\t\tDaaMarco\t\t<\/span>\n\t\t\t\t<span class=\"elementor-post-date\">\n\t\t\t21. Juni 2025\t\t<\/span>\n\t\t\t\t<\/div>\n\t\t\t\t<div class=\"elementor-post__excerpt\">\n\t\t\t<p>Ein paar Tage sind vergangen. Die Schrammen sind noch da. Aber das Grinsen bleibt. Am 21. Juni 2025 stand<\/p>\n\t\t<\/div>\n\t\t\n\t\t<a class=\"elementor-post__read-more\" href=\"https:\/\/www.marcoriederer.at\/blog\/2025\/06\/21\/schmerz-vergeht-stolz-bleibt-mein-zweites-spartan-beast\/\" aria-label=\"Mehr \u00fcber Schmerz vergeht, Stolz bleibt \u2013 Mein zweites Spartan Beast\" tabindex=\"-1\" >\n\t\t\tRead More...\t\t<\/a>\n\n\t\t\t\t<\/div>\n\t\t\t\t<\/article>\n\t\t\t\t<article class=\"elementor-post elementor-grid-item post-3206 post type-post status-publish format-standard has-post-thumbnail hentry category-herausforderungen tag-laufen tag-ultrarunning\" role=\"listitem\">\n\t\t\t\t<a class=\"elementor-post__thumbnail__link\" href=\"https:\/\/www.marcoriederer.at\/blog\/2025\/03\/13\/meine-ersten-50km\/\" tabindex=\"-1\" >\n\t\t\t<div class=\"elementor-post__thumbnail\"><img loading=\"lazy\" decoding=\"async\" width=\"1438\" height=\"1620\" src=\"https:\/\/www.marcoriederer.at\/blog\/wp-content\/uploads\/2025\/03\/Meine-ersten-50km_gluecklicher-Marco-scaled-e1741883253143.jpg\" class=\"attachment-medium_large size-medium_large wp-image-3205\" alt=\"\" srcset=\"https:\/\/www.marcoriederer.at\/blog\/wp-content\/uploads\/2025\/03\/Meine-ersten-50km_gluecklicher-Marco-scaled-e1741883253143.jpg 1438w, https:\/\/www.marcoriederer.at\/blog\/wp-content\/uploads\/2025\/03\/Meine-ersten-50km_gluecklicher-Marco-scaled-e1741883253143-266x300.jpg 266w, https:\/\/www.marcoriederer.at\/blog\/wp-content\/uploads\/2025\/03\/Meine-ersten-50km_gluecklicher-Marco-scaled-e1741883253143-909x1024.jpg 909w, https:\/\/www.marcoriederer.at\/blog\/wp-content\/uploads\/2025\/03\/Meine-ersten-50km_gluecklicher-Marco-scaled-e1741883253143-1363x1536.jpg 1363w\" sizes=\"(max-width: 1438px) 100vw, 1438px\" \/><\/div>\n\t\t<\/a>\n\t\t\t\t<div class=\"elementor-post__text\">\n\t\t\t\t<h2 class=\"elementor-post__title\">\n\t\t\t<a href=\"https:\/\/www.marcoriederer.at\/blog\/2025\/03\/13\/meine-ersten-50km\/\" >\n\t\t\t\tMeine ersten 50km\t\t\t<\/a>\n\t\t<\/h2>\n\t\t\t\t<div class=\"elementor-post__meta-data\">\n\t\t\t\t\t<span class=\"elementor-post-author\">\n\t\t\tDaaMarco\t\t<\/span>\n\t\t\t\t<span class=\"elementor-post-date\">\n\t\t\t13. M\u00e4rz 2025\t\t<\/span>\n\t\t\t\t<\/div>\n\t\t\t\t<div class=\"elementor-post__excerpt\">\n\t\t\t<p>Es gibt L\u00e4ufe, die einfach nur zum Genuss sind. Dann gibt es solche, die einen an die eigenen Grenzen<\/p>\n\t\t<\/div>\n\t\t\n\t\t<a class=\"elementor-post__read-more\" href=\"https:\/\/www.marcoriederer.at\/blog\/2025\/03\/13\/meine-ersten-50km\/\" aria-label=\"Mehr \u00fcber Meine ersten 50km\" tabindex=\"-1\" >\n\t\t\tRead More...\t\t<\/a>\n\n\t\t\t\t<\/div>\n\t\t\t\t<\/article>\n\t\t\t\t<\/div>\n\t\t\n\t\t\t\t<div class=\"e-load-more-anchor\" data-page=\"1\" data-max-page=\"6\" data-next-page=\"https:\/\/www.marcoriederer.at\/blog\/wp-json\/wp\/v2\/pages\/2989\/page\/2\/\"><\/div>\n\t\t\t\t<nav class=\"elementor-pagination\" aria-label=\"Seitennummerierung\">\n\t\t\t<span class=\"page-numbers prev\">&laquo; Previous<\/span>\n<span aria-current=\"page\" class=\"page-numbers current\"><span class=\"elementor-screen-only\">Seite<\/span>1<\/span>\n<a class=\"page-numbers\" href=\"https:\/\/www.marcoriederer.at\/blog\/wp-json\/wp\/v2\/pages\/2989\/page\/2\/\"><span class=\"elementor-screen-only\">Seite<\/span>2<\/a>\n<a class=\"page-numbers\" href=\"https:\/\/www.marcoriederer.at\/blog\/wp-json\/wp\/v2\/pages\/2989\/page\/3\/\"><span class=\"elementor-screen-only\">Seite<\/span>3<\/a>\n<a class=\"page-numbers\" href=\"https:\/\/www.marcoriederer.at\/blog\/wp-json\/wp\/v2\/pages\/2989\/page\/4\/\"><span class=\"elementor-screen-only\">Seite<\/span>4<\/a>\n<a class=\"page-numbers\" href=\"https:\/\/www.marcoriederer.at\/blog\/wp-json\/wp\/v2\/pages\/2989\/page\/5\/\"><span class=\"elementor-screen-only\">Seite<\/span>5<\/a>\n<a class=\"page-numbers next\" href=\"https:\/\/www.marcoriederer.at\/blog\/wp-json\/wp\/v2\/pages\/2989\/page\/2\/\">Next &raquo;<\/a>\t\t<\/nav>\n\t\t\t\t\t\t<\/div>\n\t\t\t\t<\/div>\n\t\t\t\t\t<\/div>\n\t\t<\/div>\n\t\t\t\t\t<\/div>\n\t\t<\/section>\n\t\t\t\t<\/div>\n\t\t","protected":false},"excerpt":{"rendered":"<p>Herausforderungen Quelle der Motivation &amp; Inspiration Grenzen verschieben, Ziele erreichen F\u00fcr mich sind Herausforderungen eine Quelle der Motivation und Inspiration. Ob auf der Laufstrecke, im Hindernisparcours oder in anderen sportlichen Wettk\u00e4mpfen \u2013 ich liebe es, meine Grenzen zu testen und \u00fcber mich hinauszuwachsen. Jede Challenge ist nicht nur ein sportliches Ziel, sondern auch eine pers\u00f6nliche [&hellip;]<\/p>\n","protected":false},"author":5,"featured_media":0,"parent":0,"menu_order":0,"comment_status":"closed","ping_status":"closed","template":"","meta":{"footnotes":""},"class_list":["post-2989","page","type-page","status-publish","hentry"],"_links":{"self":[{"href":"https:\/\/www.marcoriederer.at\/blog\/wp-json\/wp\/v2\/pages\/2989","targetHints":{"allow":["GET"]}}],"collection":[{"href":"https:\/\/www.marcoriederer.at\/blog\/wp-json\/wp\/v2\/pages"}],"about":[{"href":"https:\/\/www.marcoriederer.at\/blog\/wp-json\/wp\/v2\/types\/page"}],"author":[{"embeddable":true,"href":"https:\/\/www.marcoriederer.at\/blog\/wp-json\/wp\/v2\/users\/5"}],"replies":[{"embeddable":true,"href":"https:\/\/www.marcoriederer.at\/blog\/wp-json\/wp\/v2\/comments?post=2989"}],"version-history":[{"count":19,"href":"https:\/\/www.marcoriederer.at\/blog\/wp-json\/wp\/v2\/pages\/2989\/revisions"}],"predecessor-version":[{"id":3262,"href":"https:\/\/www.marcoriederer.at\/blog\/wp-json\/wp\/v2\/pages\/2989\/revisions\/3262"}],"wp:attachment":[{"href":"https:\/\/www.marcoriederer.at\/blog\/wp-json\/wp\/v2\/media?parent=2989"}],"curies":[{"name":"wp","href":"https:\/\/api.w.org\/{rel}","templated":true}]}}